
203
Calculate the remainder when 168817 is divided by 18753.
40
What is the remainder when 142519686 is divided by 64?
6
What is the remainder when 49999933 is divided by 4070?
4053
What is the remainder when 4365784 is divided by 14267?
82
What is the remainder when 61050 is divided by 421?
5
Calculate the remainder when 76085 is divided by 1953.
1871
What is the remainder when 1050024 is divided by 524992?
40
Calculate the remainder when 279006764 is divided by 13293.
13280
What is the remainder when 35252 is divided by 6870?
902
What is the remainder when 190951 is divided by 303?
61
Calculate the remainder when 94887 is divided by 5555.
452
What is the remainder when 13606 is divided by 13436?
170
What is the remainder when 1194420 is divided by 146?
140
What is the remainder when 126199918 is divided by 240?
238
What is the remainder when 1445020 is divided by 361253?
8
Calculate the remainder when 5987505 is divided by 6638.
29
Calculate the remainder when 637181 is divided by 167.
76
Calculate the remainder when 334943 is divided by 944.
767
Calculate the remainder when 87775208 is divided by 133.
129
What is the remainder when 34547 is divided by 3979?
2715
Calculate the remainder when 2969144 is divided by 50.
44
What is the remainder when 185829 is divided by 61909?
102
What is the remainder when 6716042 is divided by 2238671?
29
Calculate the remainder when 5588012 is divided by 33065.
27
What is the remainder when 911909 is divided by 455945?
19
What is the remainder when 32731283 is divided by 255?
248
What is the remainder when 307822 is divided by 23678?
8
What is the remainder when 265694 is divided by 88322?
728
Calculate the remainder when 526400699 is divided by 2850.
2849
Calculate the remainder when 285173 is divided by 71292.
5
Calculate the remainder when 537217 is divided by 41321.
44
What is the remainder when 622850 is divided by 28310?
30
What is the remainder when 639442 is divided by 60?
22
Calculate the remainder when 405866 is divided by 12677.
202
What is the remainder when 2902736 is divided by 2902723?
13
Calculate the remainder when 30944826 is divided by 106.
34
What is the remainder when 97336841 is divided by 49?
7
What is the remainder when 59000 is divided by 8334?
662
Calculate the remainder when 90929 is divided by 884.
761
What is the remainder when 4953174 is divided by 707593?
23
Calculate the remainder when 358491 is divided by 70029.
8346
Calculate the remainder when 3366999 is divided by 78302.
13
What is the remainder when 13522829 is divided by 3380706?
5
Calculate the remainder when 930768 is divided by 8098.
7596
Calculate the remainder when 49683 is divided by 533.
114
Calculate the remainder when 12126873 is divided by 285.
123
Calculate the remainder when 65041 is divided by 208.
145
Calculate the remainder when 38359 is divided by 12554.
697
Calculate the remainder when 17371 is divided by 2024.
1179
What is the remainder when 693326 is divided by 231095?
41
Calculate the remainder when 2116127 is divided by 86.
11
What is the remainder when 2863367 is divided by 2121?
17
Calculate the remainder when 16424 is divided by 2708.
176
Calculate the remainder when 3895360 is divided by 752.
0
Calculate the remainder when 259036551 is divided by 247.
241
Calculate the remainder when 62633710 is divided by 136.
134
What is the remainder when 32159632 is divided by 176701?
50
Calculate the remainder when 52823 is divided by 362.
333
Calculate the remainder when 3282672 is divided by 595.
57
What is the remainder when 480085 is divided by 5364?
2689
What is the remainder when 13304143 is divided by 850?
793
Calculate the remainder when 75537 is divided by 23528.
4953
Calculate the remainder when 2650629 is divided by 118.
113
What is the remainder when 1726921 is divided by 37?
20
Calculate the remainder when 13071686 is divided by 261433.
36
Calculate the remainder when 2715666 is divided by 450.
366
Calculate the remainder when 8208239 is divided by 60353.
231
Calculate the remainder when 246409 is divided by 11699.
730
What is the remainder when 75500 is divided by 104?
100
What is the remainder when 767528 is divided by 253?
179
What is the remainder when 138829 is divided by 256?
77
Calculate the remainder when 52408473 is divided by 38.
13
What is the remainder when 432493 is divided by 7?
5
What is the remainder when 1134447 is divided by 6?
3
What is the remainder when 7169957 is divided by 50?
7
Calculate the remainder when 4123865 is divided by 434.
431
Calculate the remainder when 609306 is divided by 1595.
16
Calculate the remainder when 99096623 is divided by 792.
791
What is the remainder when 470570 is divided by 136?
10
What is the remainder when 483346 is divided by 60415?
26
What is the remainder when 65368342 is divided by 1267?
11
What is the remainder when 575274 is divided by 16449?
16008
Calculate the remainder when 3074866 is divided by 427.
39
Calculate the remainder when 89308 is divided by 606.
226
Calculate the remainder when 241646 is divided by 179.
175
Calculate the remainder when 5322236 is divided by 451.
436
Calculate the remainder when 70910 is divided by 8662.
1614
What is the remainder when 300451 is divided by 1533?
1516
What is the remainder when 254558 is divided by 2233?
2229
Calculate the remainder when 378916 is divided by 286.
252
Calculate the remainder when 29570 is divided by 22946.
6624
What is the remainder when 2790671 is divided by 32076?
59
Calculate the remainder when 12837 is divided by 3491.
2364
Calculate the remainder when 12051064 is divided by 148.
16
Calculate the remainder when 157032 is divided by 2778.
1464
What is the remainder when 6000458 is divided by 12988?
2
What is the remainder when 15507405 is divided by 4?
1
Calculate the remainder when 879892 is divided by 248.
236
What is the remainder when 7856128 is divided by 83?
12
Calculate the remainder when 314706 is divided by 314032.
674
What is the remainder when 1448488 is divided by 4910?
38
What is the remainder when 97065523 is divided by 30?
13
Calculate the remainder when 9487 is divided by 1417.
985
Calculate the remainder when 14372195 is divided by 38.
25
What is the remainder when 1070340 is divided by 22772?
56
What is the remainder when 46902 is divided by 288?
246
Calculate the remainder when 131682494 is divided by 138.
134
What is the remainder when 183475730 is divided by 581?
578
Calculate the remainder when 7123844 is divided by 339230.
14
What is the remainder when 885402 is divided by 93?
42
What is the remainder when 392208 is divided by 130569?
501
What is the remainder when 900377 is divided by 110?
27
Calculate the remainder when 3535528 is divided by 3535524.
4
Calculate the remainder when 469505 is divided by 750.
5
What is the remainder when 19637474 is divided by 388?
18
What is the remainder when 34901402 is divided by 337?
334
Calculate the remainder when 7045092 is divided by 51424.
4
What is the remainder when 27687 is divided by 2527?
2417
Calculate the remainder when 12050009 is divided by 1953.
1952
Calculate the remainder when 2350508 is divided by 72.
68
Calculate the remainder when 12669426 is divided by 198.
0
What is the remainder when 234539 is divided by 5863?
19
What is the remainder when 1958092 is divided by 489082?
1764
Calculate the remainder when 41005811 is divided by 18.
11
What is the remainder when 461734 is divided by 106?
104
Calculate the remainder when 5907273 is divided by 19.
2
What is the remainder when 693955 is divided by 487?
467
Calculate the remainder when 1805379 is divided by 58.
13
Calculate the remainder when 109494148 is divided by 7087.
7085
What is the remainder when 891662 is divided by 5538?
44
Calculate the remainder when 261956 is divided by 1733.
273
Calculate the remainder when 99014 is divided by 32932.
218
Calculate the remainder when 7700 is divided by 1683.
968
Calculate the remainder when 524527 is divided by 661.
354
What is the remainder when 850 is divided by 160?
50
What is the remainder when 3220202 is divided by 97?
93
Calculate the remainder when 610235 is divided by 6.
5
What is the remainder when 818172 is divided by 2709?
54
Calculate the remainder when 15835 is divided by 268.
23
What